{"id":2,"date":"2025-05-21T09:00:57","date_gmt":"2025-05-21T09:00:57","guid":{"rendered":"https:\/\/fpnvadvies.nl\/?page_id=2"},"modified":"2025-10-07T07:09:49","modified_gmt":"2025-10-07T07:09:49","slug":"neem-uw-financieel-stuur-in-eigen-handen","status":"publish","type":"page","link":"https:\/\/fpnvadvies.nl\/?page_id=2","title":{"rendered":"Welkom bij Fpnv-advies"},"content":{"rendered":"\n<p><strong>Uw partner in uw persoonlijk financieel plan<\/strong><\/p>\n\n\n\n<p>Bij Fpnv-advies begrijpen we dat financi\u00ebn persoonlijk zijn. Uw leven verandert, en daarmee ook uw financi\u00eble situatie en wensen. Of u nu net begint op de arbeidsmarkt, een gezin sticht, midden in uw carri\u00e8re zit of richting pensioen gaat: elke levensfase vraagt om een goed doordacht financieel plan. <\/p>\n\n\n<p><strong>Wij helpen u verder te kijken en terug te blikken<\/strong><\/p>\n\n\n<p>Een goed financieel plan is niet enkel plannen voor de toekomst, maar ook herbekijken van eerder gemaakte keuzes. Wat zijn de gevolgen van beslissingen uit het verleden? Wat kunt u nu doen om later zorgeloos te leven? <\/p>\n\n\n<p><strong>Wat wij doen voor u:\u00a0<\/strong><\/p>\n<ul>\n<li><a href=\"http:\/\/fpnvadvies.nl\/?p=122\"><strong>Persoonlijke financi\u00eble analyse<\/strong><\/a><\/li>\n<li><a href=\"http:\/\/fpnvadvies.nl\/?p=141\"><strong>Ondersteunen bij vermogensopbouw<\/strong><\/a><\/li>\n<li><strong>Ondersteunen bij schenking<\/strong><\/li>\n<li><strong>Pensioenplanning<\/strong><\/li>\n<li><a href=\"http:\/\/fpnvadvies.nl\/?p=114\"><strong>Ondersteunen bij een overlijden<\/strong><\/a><\/li>\n<\/ul>\n\n\n<p>Waarom kiezen voor Fpnv-advies? <\/p>\n\n\n\n<ul class=\"wp-block-list\">\n<li>Persoonlijk advies op maat<\/li>\n\n\n\n<li>Onafhankelijk en transparant<\/li>\n\n\n\n<li>Begeleiding bij belangrijke financi\u00eble keuzes<\/li>\n\n\n\n<li>Meer grip op uw toekomst<\/li>\n<\/ul>\n\n\n<p><strong>Plan een kennismakingsgesprek<\/strong><\/p>\n<p>Benieuwd wat wij voor u kunnen betekenen?\u00a0<\/p>\n<p>Samen brengen we uw financi\u00eble situatie helder in kaart en houdt u uw financi\u00eble stuur in handen<\/p>\n<p>Neem contact met ons op:<\/p>\n<p>Info@fpnvadvies.nl<\/p>\n<p>Tel: +31 6 5782 8299<\/p>\n\n\n<blockquote class=\"wp-block-quote has-text-align-center is-layout-flow wp-block-quote-is-layout-flow\">\n<p>Neem vandaag uw financieel stuur in handen<\/p>\n<\/blockquote>\n","protected":false},"excerpt":{"rendered":"<p>Bij Fpnv-advies begrijpen we dat financi\u00ebn persoonlijk zijn. Uw leven verandert, en daarmee ook uw financi\u00eble situatie en wensen. Of u nu net begint op de arbeidsmarkt, een gezin sticht, midden in uw carri\u00e8re zit of richting pensioen gaat: elke levensfase vraagt om een goed doordacht financieel plan. Welkom bij uw partner voor het opstellen van een persoonlijk financieel plan. <\/p>\n","protected":false},"author":1,"featured_media":7,"parent":0,"menu_order":0,"comment_status":"closed","ping_status":"closed","template":"elementor_theme","meta":{"footnotes":""},"class_list":["post-2","page","type-page","status-publish","has-post-thumbnail","hentry"],"yoast_head":"<!-- This site is optimized with the Yoast SEO plugin v27.2 - https:\/\/yoast.com\/product\/yoast-seo-wordpress\/ -->\n<title>Welkom bij Fpnv-advies - Fpnv-advies<\/title>\n<meta name=\"description\" content=\"Bij Fpnv-advies begrijpen we dat financi\u00ebn persoonlijk zijn. Uw leven verandert, en daarmee ook uw financi\u00eble situatie en wensen. Of u nu net begint op de arbeidsmarkt, een gezin sticht, midden in uw carri\u00e8re zit of richting pensioen gaat: elke levensfase vraagt om een goed doordacht financieel plan. Welkom bij uw partner voor het opstellen van een persoonlijk financieel plan.\" \/>\n<meta name=\"robots\" content=\"index, follow, max-snippet:-1, max-image-preview:large, max-video-preview:-1\" \/>\n<link rel=\"canonical\" href=\"https:\/\/fpnvadvies.nl\/?page_id=2\" \/>\n<meta property=\"og:locale\" content=\"nl_NL\" \/>\n<meta property=\"og:type\" content=\"article\" \/>\n<meta property=\"og:title\" content=\"Welkom bij Fpnv-advies - Fpnv-advies\" \/>\n<meta property=\"og:description\" content=\"Bij Fpnv-advies begrijpen we dat financi\u00ebn persoonlijk zijn. Uw leven verandert, en daarmee ook uw financi\u00eble situatie en wensen. Of u nu net begint op de arbeidsmarkt, een gezin sticht, midden in uw carri\u00e8re zit of richting pensioen gaat: elke levensfase vraagt om een goed doordacht financieel plan. Welkom bij uw partner voor het opstellen van een persoonlijk financieel plan.\" \/>\n<meta property=\"og:url\" content=\"https:\/\/fpnvadvies.nl\/?page_id=2\" \/>\n<meta property=\"og:site_name\" content=\"Fpnv-advies\" \/>\n<meta property=\"article:modified_time\" content=\"2025-10-07T07:09:49+00:00\" \/>\n<meta property=\"og:image\" content=\"https:\/\/fpnvadvies.nl\/wp-content\/uploads\/2025\/05\/VdV.png\" \/>\n\t<meta property=\"og:image:width\" content=\"500\" \/>\n\t<meta property=\"og:image:height\" content=\"500\" \/>\n\t<meta property=\"og:image:type\" content=\"image\/png\" \/>\n<meta name=\"twitter:card\" content=\"summary_large_image\" \/>\n<meta name=\"twitter:label1\" content=\"Geschatte leestijd\" \/>\n\t<meta name=\"twitter:data1\" content=\"2 minuten\" \/>\n<script type=\"application\/ld+json\" class=\"yoast-schema-graph\">{\"@context\":\"https:\/\/schema.org\",\"@graph\":[{\"@type\":\"WebPage\",\"@id\":\"https:\/\/fpnvadvies.nl\/?page_id=2\",\"url\":\"https:\/\/fpnvadvies.nl\/?page_id=2\",\"name\":\"Welkom bij Fpnv-advies - Fpnv-advies\",\"isPartOf\":{\"@id\":\"https:\/\/fpnvadvies.nl\/#website\"},\"primaryImageOfPage\":{\"@id\":\"https:\/\/fpnvadvies.nl\/?page_id=2#primaryimage\"},\"image\":{\"@id\":\"https:\/\/fpnvadvies.nl\/?page_id=2#primaryimage\"},\"thumbnailUrl\":\"https:\/\/fpnvadvies.nl\/wp-content\/uploads\/2025\/05\/VdV.png\",\"datePublished\":\"2025-05-21T09:00:57+00:00\",\"dateModified\":\"2025-10-07T07:09:49+00:00\",\"description\":\"Bij Fpnv-advies begrijpen we dat financi\u00ebn persoonlijk zijn. Uw leven verandert, en daarmee ook uw financi\u00eble situatie en wensen. Of u nu net begint op de arbeidsmarkt, een gezin sticht, midden in uw carri\u00e8re zit of richting pensioen gaat: elke levensfase vraagt om een goed doordacht financieel plan. Welkom bij uw partner voor het opstellen van een persoonlijk financieel plan.\",\"breadcrumb\":{\"@id\":\"https:\/\/fpnvadvies.nl\/?page_id=2#breadcrumb\"},\"inLanguage\":\"nl-NL\",\"potentialAction\":[{\"@type\":\"ReadAction\",\"target\":[\"https:\/\/fpnvadvies.nl\/?page_id=2\"]}]},{\"@type\":\"ImageObject\",\"inLanguage\":\"nl-NL\",\"@id\":\"https:\/\/fpnvadvies.nl\/?page_id=2#primaryimage\",\"url\":\"https:\/\/fpnvadvies.nl\/wp-content\/uploads\/2025\/05\/VdV.png\",\"contentUrl\":\"https:\/\/fpnvadvies.nl\/wp-content\/uploads\/2025\/05\/VdV.png\",\"width\":500,\"height\":500},{\"@type\":\"BreadcrumbList\",\"@id\":\"https:\/\/fpnvadvies.nl\/?page_id=2#breadcrumb\",\"itemListElement\":[{\"@type\":\"ListItem\",\"position\":1,\"name\":\"Home\",\"item\":\"https:\/\/fpnvadvies.nl\/\"},{\"@type\":\"ListItem\",\"position\":2,\"name\":\"Welkom bij Fpnv-advies\"}]},{\"@type\":\"WebSite\",\"@id\":\"https:\/\/fpnvadvies.nl\/#website\",\"url\":\"https:\/\/fpnvadvies.nl\/\",\"name\":\"Fpnv-advies\",\"description\":\"Uw financieel plan naar verandering\",\"publisher\":{\"@id\":\"https:\/\/fpnvadvies.nl\/#organization\"},\"potentialAction\":[{\"@type\":\"SearchAction\",\"target\":{\"@type\":\"EntryPoint\",\"urlTemplate\":\"https:\/\/fpnvadvies.nl\/?s={search_term_string}\"},\"query-input\":{\"@type\":\"PropertyValueSpecification\",\"valueRequired\":true,\"valueName\":\"search_term_string\"}}],\"inLanguage\":\"nl-NL\"},{\"@type\":\"Organization\",\"@id\":\"https:\/\/fpnvadvies.nl\/#organization\",\"name\":\"Fpnv-advies\",\"url\":\"https:\/\/fpnvadvies.nl\/\",\"logo\":{\"@type\":\"ImageObject\",\"inLanguage\":\"nl-NL\",\"@id\":\"https:\/\/fpnvadvies.nl\/#\/schema\/logo\/image\/\",\"url\":\"https:\/\/fpnvadvies.nl\/wp-content\/uploads\/2025\/05\/cropped-VdV-1.png\",\"contentUrl\":\"https:\/\/fpnvadvies.nl\/wp-content\/uploads\/2025\/05\/cropped-VdV-1.png\",\"width\":512,\"height\":512,\"caption\":\" Fpnv-advies\"},\"image\":{\"@id\":\"https:\/\/fpnvadvies.nl\/#\/schema\/logo\/image\/\"}}]}<\/script>\n<!-- \/ Yoast SEO plugin. -->","yoast_head_json":{"title":"Welkom bij Fpnv-advies - Fpnv-advies","description":"Bij Fpnv-advies begrijpen we dat financi\u00ebn persoonlijk zijn. Uw leven verandert, en daarmee ook uw financi\u00eble situatie en wensen. Of u nu net begint op de arbeidsmarkt, een gezin sticht, midden in uw carri\u00e8re zit of richting pensioen gaat: elke levensfase vraagt om een goed doordacht financieel plan. Welkom bij uw partner voor het opstellen van een persoonlijk financieel plan.","robots":{"index":"index","follow":"follow","max-snippet":"max-snippet:-1","max-image-preview":"max-image-preview:large","max-video-preview":"max-video-preview:-1"},"canonical":"https:\/\/fpnvadvies.nl\/?page_id=2","og_locale":"nl_NL","og_type":"article","og_title":"Welkom bij Fpnv-advies - Fpnv-advies","og_description":"Bij Fpnv-advies begrijpen we dat financi\u00ebn persoonlijk zijn. Uw leven verandert, en daarmee ook uw financi\u00eble situatie en wensen. Of u nu net begint op de arbeidsmarkt, een gezin sticht, midden in uw carri\u00e8re zit of richting pensioen gaat: elke levensfase vraagt om een goed doordacht financieel plan. Welkom bij uw partner voor het opstellen van een persoonlijk financieel plan.","og_url":"https:\/\/fpnvadvies.nl\/?page_id=2","og_site_name":"Fpnv-advies","article_modified_time":"2025-10-07T07:09:49+00:00","og_image":[{"width":500,"height":500,"url":"https:\/\/fpnvadvies.nl\/wp-content\/uploads\/2025\/05\/VdV.png","type":"image\/png"}],"twitter_card":"summary_large_image","twitter_misc":{"Geschatte leestijd":"2 minuten"},"schema":{"@context":"https:\/\/schema.org","@graph":[{"@type":"WebPage","@id":"https:\/\/fpnvadvies.nl\/?page_id=2","url":"https:\/\/fpnvadvies.nl\/?page_id=2","name":"Welkom bij Fpnv-advies - Fpnv-advies","isPartOf":{"@id":"https:\/\/fpnvadvies.nl\/#website"},"primaryImageOfPage":{"@id":"https:\/\/fpnvadvies.nl\/?page_id=2#primaryimage"},"image":{"@id":"https:\/\/fpnvadvies.nl\/?page_id=2#primaryimage"},"thumbnailUrl":"https:\/\/fpnvadvies.nl\/wp-content\/uploads\/2025\/05\/VdV.png","datePublished":"2025-05-21T09:00:57+00:00","dateModified":"2025-10-07T07:09:49+00:00","description":"Bij Fpnv-advies begrijpen we dat financi\u00ebn persoonlijk zijn. Uw leven verandert, en daarmee ook uw financi\u00eble situatie en wensen. Of u nu net begint op de arbeidsmarkt, een gezin sticht, midden in uw carri\u00e8re zit of richting pensioen gaat: elke levensfase vraagt om een goed doordacht financieel plan. Welkom bij uw partner voor het opstellen van een persoonlijk financieel plan.","breadcrumb":{"@id":"https:\/\/fpnvadvies.nl\/?page_id=2#breadcrumb"},"inLanguage":"nl-NL","potentialAction":[{"@type":"ReadAction","target":["https:\/\/fpnvadvies.nl\/?page_id=2"]}]},{"@type":"ImageObject","inLanguage":"nl-NL","@id":"https:\/\/fpnvadvies.nl\/?page_id=2#primaryimage","url":"https:\/\/fpnvadvies.nl\/wp-content\/uploads\/2025\/05\/VdV.png","contentUrl":"https:\/\/fpnvadvies.nl\/wp-content\/uploads\/2025\/05\/VdV.png","width":500,"height":500},{"@type":"BreadcrumbList","@id":"https:\/\/fpnvadvies.nl\/?page_id=2#breadcrumb","itemListElement":[{"@type":"ListItem","position":1,"name":"Home","item":"https:\/\/fpnvadvies.nl\/"},{"@type":"ListItem","position":2,"name":"Welkom bij Fpnv-advies"}]},{"@type":"WebSite","@id":"https:\/\/fpnvadvies.nl\/#website","url":"https:\/\/fpnvadvies.nl\/","name":"Fpnv-advies","description":"Uw financieel plan naar verandering","publisher":{"@id":"https:\/\/fpnvadvies.nl\/#organization"},"potentialAction":[{"@type":"SearchAction","target":{"@type":"EntryPoint","urlTemplate":"https:\/\/fpnvadvies.nl\/?s={search_term_string}"},"query-input":{"@type":"PropertyValueSpecification","valueRequired":true,"valueName":"search_term_string"}}],"inLanguage":"nl-NL"},{"@type":"Organization","@id":"https:\/\/fpnvadvies.nl\/#organization","name":"Fpnv-advies","url":"https:\/\/fpnvadvies.nl\/","logo":{"@type":"ImageObject","inLanguage":"nl-NL","@id":"https:\/\/fpnvadvies.nl\/#\/schema\/logo\/image\/","url":"https:\/\/fpnvadvies.nl\/wp-content\/uploads\/2025\/05\/cropped-VdV-1.png","contentUrl":"https:\/\/fpnvadvies.nl\/wp-content\/uploads\/2025\/05\/cropped-VdV-1.png","width":512,"height":512,"caption":" Fpnv-advies"},"image":{"@id":"https:\/\/fpnvadvies.nl\/#\/schema\/logo\/image\/"}}]}},"_links":{"self":[{"href":"https:\/\/fpnvadvies.nl\/index.php?rest_route=\/wp\/v2\/pages\/2","targetHints":{"allow":["GET"]}}],"collection":[{"href":"https:\/\/fpnvadvies.nl\/index.php?rest_route=\/wp\/v2\/pages"}],"about":[{"href":"https:\/\/fpnvadvies.nl\/index.php?rest_route=\/wp\/v2\/types\/page"}],"author":[{"embeddable":true,"href":"https:\/\/fpnvadvies.nl\/index.php?rest_route=\/wp\/v2\/users\/1"}],"replies":[{"embeddable":true,"href":"https:\/\/fpnvadvies.nl\/index.php?rest_route=%2Fwp%2Fv2%2Fcomments&post=2"}],"version-history":[{"count":10,"href":"https:\/\/fpnvadvies.nl\/index.php?rest_route=\/wp\/v2\/pages\/2\/revisions"}],"predecessor-version":[{"id":193,"href":"https:\/\/fpnvadvies.nl\/index.php?rest_route=\/wp\/v2\/pages\/2\/revisions\/193"}],"wp:featuredmedia":[{"embeddable":true,"href":"https:\/\/fpnvadvies.nl\/index.php?rest_route=\/wp\/v2\/media\/7"}],"wp:attachment":[{"href":"https:\/\/fpnvadvies.nl\/index.php?rest_route=%2Fwp%2Fv2%2Fmedia&parent=2"}],"curies":[{"name":"wp","href":"https:\/\/api.w.org\/{rel}","templated":true}]}}